 be q(3). Suppose -2*o + 27 = -2*p - 17, -p = -k. Let n = 58 - -43. Calculate the remainder when n is divided by o.
23
Suppose -3*s + 5*s = -148. Let g = -57 - s. Let h(q) = q**3 - 2*q**2 + 3*q + 4. What is the remainder when h(4) is divided by g?
14
Let y(k) = -k**3 + 10*k**2 - 10*k + 7. Calculate the remainder when y(7) is divided by 55.
29
Let w(b) = -12*b - 1. What is the remainder when w(-2) is divided by 213/(-355) - 56/(-10)?
3
Suppose 2*f + 25 = 3*d, 5*d + 0*d = 2*f + 43. Let t be 6/d*(-9)/(-2). Let n = t + 2. What is the remainder when n is divided by 4?
1
What is the remainder when 147 is divided by 60/40 + 99/2?
45
Let s = -1953 - -1975. Suppose -2*i + 260 = 2*i. Calculate the remainder when i is divided by s.
21
Suppose 0 = -3*o + 3*u + 63 + 33, 138 = 4*o - 2*u. What is the remainder when 179 is divided by o?
31
Suppose 48 - 1140 = -42*a. Let k be (-1 - -3) + (-8)/1. What is the remainder when a is divided by (-40)/(-3) - 4/k?
12
Suppose -12 = 4*d, 5*h + 247 - 73 = -3*d. Let z = 67 + h. What is the remainder when z is divided by 19?
15
Suppose 0*j + 4*o = -4*j + 44, 2*j + 5*o - 37 = 0. Let n(b) = -4*b - 4. Let v(z) = -5*z + 3. Let w be v(1). What is the remainder when j is divided by n(w)?
2
Let m be 12/6 - (-1 - -1) - -78. Suppose 5*f + 5*s - 240 = 0, -m = -5*f + s + 130. Calculate the remainder when f is divided by 16.
11
Suppose -2*c + 153 = 4*r - 1, 0 = -c + 4*r + 47. Calculate the remainder when c is divided by 10.
7
Let p(l) = -l**3 - 34*l**2 + 70*l + 47. What is the remainder when p(-36) is divided by 37?
8
Suppose -5 = -t - 4. Calculate the remainder when (-111*t/1)/(-1) is divided by 28.
27
Suppose 2*n + 5*j = 6*n - 42, -2*n + j + 18 = 0. Suppose -67 = 8*h - 259. Let q = -2 + h. What is the remainder when q is divided by n?
6
Let q be (-1480)/25 + (-2)/(-10). Let d = -36 - q. What is the remainder when 90 is divided by d?
21
Let j be (-66)/(-14) + 5 + 198/(-42). Let y = 97 - j. Calculate the remainder when y is divided by 62/((-3)/3 - -3).
30
Suppose 5 + 24 = -k. Let u = -6 - k. Let s(f) = 3*f**2 - 2*f - 5. Calculate the remainder when s(6) is divided by u.
22
Let f = -23 - -29. Suppose 3*w + 3*u - 57 = f*u, w = -2*u + 4. What is the remainder when 41 is divided by w?
13
Calculate the remainder when (2 + -14)/((-1924)/(-644) - 3) is divided by 22.
20
Let a(r) = 3*r + 8. Let u be a(-2). Suppose -u*o - q + 45 = -29, -187 = -5*o - 2*q. What is the remainder when o is divided by 20?
19
Suppose 2*l + r - 225 = -60, l = -r + 83. Let z(h) = 8*h - 12. What is the remainder when l is divided by z(5)?
26
Let y = 182 + -165. Let n(z) = -z**3 - 3*z**2 + 6*z - 5. What is the remainder when n(-6) is divided by y?
16
What is the remainder when 2078 is divided by (-8 - 33/(-9))*-15?
63
Suppose 0 = -6*f + 97 - 469. Let w = f + 107. Suppose 3*h - 37 = -0*h - t, -5*h + 3*t + 57 = 0. What is the remainder when w is divided by h?
9
Suppose 3*m + 2*l - 333 = 0, 0 = 5*m - 159*l + 154*l - 555. Calculate the remainder when m is divided by 15.
6
Suppose -4*h = 16, -9*u - 5*h - 233 = -12*u. Calculate the remainder when 350 is divided by u.
66
Suppose 2*w + 2*c + 22 = 3*w, -4*w = 3*c - 66. Suppose r + w = 4*r. Let z(g) = g**3 - 5*g**2 - 3*g - 7. What is the remainder when 30 is divided by z(r)?
8
Let o = -124 + 139. What is the remainder when ((-52)/2)/(16 + -17) is divided by o?
11
What is the remainder when 268 is divided by (-3)/((-1)/((-244)/(-1714)) - -7)?
24
Let u = 544 + -515. Calculate the remainder when u is divided by 9.
2
Let o(p) = -2*p**3 - 19*p**2 + 31*p + 116. What is the remainder when 283 is divided by o(-11)?
7
Let s be (-122)/(-1*1 + 1/(-1)). Let q = s - 35. What is the remainder when 129 is divided by q?
25
Suppose -156 = 3*y - 6*y + 5*m, 0 = -y - m + 52. What is the remainder when y is divided by (9/(-3))/(-9)*33?
8
Suppose -5*m + 10 = g, -g = 2*m - 0*g - 1. Suppose 0 = 4*v - 4 - 20. Suppose -6*y = -8*y + v. What is the remainder when m is divided by y?
0
Let u = 934 - 907. Calculate the remainder when 295 is divided by u.
25
Let r = 8 - 24. Let a = 1382 + -1386. What is the remainder when (0 - (-196)/r)*a is divided by 26?
23
Let d = 110 + -64. Suppose 0 = 2*z - 4*z + 3*u + 96, -z + 48 = -5*u. Suppose 2*k - w - 12 = 2*w, 5*k - z = 3*w. What is the remainder when d is divided by k?
10
Calculate the remainder when 1*12/14*5334/6 is divided by 51.
48
Let k(a) = 4 - 7 - 8*a + 5 + 8 - a**2. Let w be k(-11). Let h = -4 - w. What is the remainder when 35 is divided by h?
16
Suppose -i + 3*i = 4*a + 44, -4*i - 2*a = -68. What is the remainder when i is divided by 5?
3
Let j = 11 - 10. Suppose 0 = -p + j - 5. Let s(a) = 4*a**2 + 3*a + 2. Calculate the remainder when s(p) is divided by 19.
16
Let m = 359 + -221. Suppose -4*h + m = -2*h. Let p = h + -2. What is the remainder when p is divided by 23?
21
Let s(o) = -o**2 - 50*o - 264. Calculate the remainder when 1551 is divided by s(-43).
34
Suppose 4*y + 792 - 5282 = -3*f, -4*f + 4488 = 4*y. What is the remainder when (2/(-9) - y/(-36)) + 2 is divided by 12?
9
Suppose 142 = 2*j + 4*z, j - 2*z - 47 - 40 = 0. What is the remainder when j is divided by 41?
38
Suppose 2*n - 48 = 3*l + 104, n - 148 = 3*l. Let d = l - -131. Calculate the remainder when d is divided by 43.
40
Let v(p) = p**2 + p - 14. Let i be v(0). Let k = i - -24. Let a = -4341 - -4347. What is the remainder when k is divided by a?
4
Let o(a) be the first derivative of 7*a**2 - a + 1. Suppose 0 = -7*n + 6 + 1. What is the remainder when o(n) is divided by 5?
3
Let i(g) = g**3 - 56*g**2 + 60*g - 94. Calculate the remainder when i(55) is divided by 4.
1
Suppose 0 = 5*v + 20, -v + 4*v = z - 17. Suppose 7*q - 4*q = 9. Let j(f) = 2*f**2 + 2*f - 5. Calculate the remainder when j(q) is divided by z.
4
What is the remainder when 82 - 3/(12/(-4)) - 3 is divided by 9?
8
Suppose 93483 = 73*b + 68*b. Calculate the remainder when b is divided by 18.
15
Let n(u) = u**3 + 12*u**2 + 12*u + 11. Let j be n(-11). Let w(c) = -c**2 + 2*c + 9. What is the remainder when 17 is divided by w(j)?
8
Let n(o) = -15*o**3 + o**2 + o - 4. Suppose -3*p + 8*p + 10 = 0. Calculate the remainder when n(p) is divided by 11.
8
Let d = 22 + -5. Suppose 11*v - 7*v = 120. Calculate the remainder when v is divided by d.
13
Let b(l) = -4*l**3 - 12*l**2 - 4*l + 21. Let z(x) = -x**3 - 3*x**2 - x + 5. Let s(c) = 2*b(c) - 9*z(c). Calculate the remainder when 5 is divided by s(1).
1
What is the remainder when 128 is divided by 345/460*200/6?
3
Let n(c) = -c**2 - 8*c + 88. Calculate the remainder when n(-13) is divided by 4.
3
Calculate the remainder when 8/64*694 - 3/4 is divided by 15.
11
Suppose 0*s + 4*d - 68 = -4*s, -d = 3*s - 61. What is the remainder when 350 is divided by s?
20
Let p = 652 - 400. Let f = -66 + p. Calculate the remainder when f is divided by 21.
18
Let p(u) = -4*u + 2 - 4*u**3 + 0*u**3 + 2*u**2 + 0 + 5*u**3. Suppose -d + 16 = -21. What is the remainder when d is divided by p(2)?
7
Let m = 51 - -8. Suppose -2*c + 0*c + 38 = 4*k, k - 2 = 0. Calculate the remainder when m is divided by c.
14
Calculate the remainder when 88 is divided by 45/(-3)*((-256)/(-40))/(-4).
16
Let w = -1030 + 1053. Suppose -f - 3*i + 73 - 1 = 0, -3*f + 146 = -5*i. Let o = 100 - f. What is the remainder when o is divided by w?
20
Let w(g) = 3*g + 11. Let f be w(-7). Let k = f + 12. Suppose k*t + 9 = 27. Calculate the remainder when 33 is divided by t.
6
Let y = -58 - -148. Calculate the remainder when y is divided by 28.
6
Let p(h) = h**2 - 8*h + 3. Let s(v) = -v**2 + 9*v - 10. Let u be s(6). Let i be p(u). Calculate the remainder when 24 is divided by i/((-24)/9 - -3).
6
Let o = -28 - -35. Calculate the remainder when 22 is divided by o.
1
Let z(b) = -b**3 - 16*b**2 - 16*b + 22. Let x be z(-15). Let n = x - 31. Suppose 0 = -2*v + 10 - 2. Calculate the remainder when n is divided by v.
2
Let g(p) = p**2 + 6*p + 18. Calculate the remainder when (0 - 1)*(-31 - 0) is divided by g(-3).
4
Let s(c) = -3*c**3 - 78*c**2 + 12. Calculate the remainder when 58 is divided by s(-26).
10
Let b(z) = 2*z**2 + 32*z - 15. Let d(q) = -2*q - 27. Let t be d(-5). Calculate the remainder when 33 is divided by b(t).
14
Suppose 0 = 2*p + 2, m + 5*p + 5 = -4*m. Suppose -34*g + 31*g + 180 = m. Let w = g